Let a(u) = 7*u**3 + 2*u**2 + u. Calculate a(g).
-6
Let h(s) = 13*s - 40. Let m(i) = 21*i - 37. Let u(n) = -13*h(n) + 14*m(n). Calculate u(0).
2
Let x(j) = 6 - 1 + j - 2 + 5*j - 9*j. Let l(w) = w - 12. Let d be l(6). Let t be ((-40)/24)/(2/d). Calculate x(t).
-12
Let r(c) = -c**3 - 9*c**2 + 10*c + 9. Let s be (-1 + -8 + -1)/(8/(-4)). Suppose 10*n + 3*j = 15*n + 35, n = 3*j + s. Calculate r(n).
9
Let h = -1927 + 1930. Let u(p) be the second derivative of -p**4/12 + p**3/2 - 2*p**2 - 16*p. Calculate u(h).
-4
Let v(x) be the second derivative of x**4/12 + 5*x**3/6 + 66*x**2 - 142*x. Let l(f) be the first derivative of v(f). Calculate l(-10).
-15
Let t(b) = -96*b + 47 + 4156*b**2 - 4158*b**2 + 134*b. Calculate t(20).
7
Let v(f) = -f**3 + 8*f**2 - 15*f - 10. Let b(m) = -m**3 + 24*m**2 - 107*m - 13. Let j be b(18). Determine v(j).
-10
Let y(u) = u**2 + 4*u - 1. Let z(n) = n**3 + 26*n**2 + 3*n + 82. Let c be z(-26). Suppose -4*a = -c*d - 32, 11 = -d + 3*a - 5. Calculate y(d).
-1
Let u = -1 + 290. Suppose -u = -3*q - 5*k, 103 = q + k + 2*k. Let g = -88 + q. Let s(p) = p - 8. What is s(g)?
-8
Let l(s) be the first derivative of -s**2/2 + s - 2162. What is l(3)?
-2
Let m(q) be the second derivative of -q**4/4 - 19*q**3/6 - 3*q**2 + q - 475. Give m(-6).
0
Let r = 8704 - 8697. Let q be (1*19)/((-1)/(-2)). Let h(z) = -35 - 3*z**2 + 8*z**2 - 4*z**2 - r*z + q. Determine h(6).
-3
Let i(w) = -w**2 + 49*w - 333. Let t be i(8). Let g(h) = -h**3 - 5*h**2 + h - 6. Determine g(t).
-11
Let s(n) be the third derivative of -n**5/20 + 7*n**4/8 - 19*n**3/6 + 52*n**2. Let p be s(6). Let l(j) = 14*j**3. What is l(p)?
-14
Suppose q + q = 0, -28 = -4*j + 2*q. Let z(s) be the first derivative of -s**2 + 13*s - 21. Determine z(j).
-1
Let z(d) = -6*d**2 - 5*d**3 + 2*d**2 + 6*d**3. Suppose -51 = -5*b + 4*g, -4*b - 3*g + 8 + 8 = 0. Suppose b*s - 12 = 4*s. Give z(s).
0
Let k(b) = -14*b**3 - 7*b**2 + 7. Suppose 32*r + 63 + 129 = 0. Let o(j) = 14*j**3 + 8*j**2 - 8. Let t(v) = r*o(v) - 7*k(v). What is t(-1)?
-14
Let o(t) = t**3 - 7*t**2 + 13*t - 16. Let f(x) = -x**2 - 817*x + 1643. Let u be f(2). What is o(u)?
-1
Let q(s) = 3*s**2 + 5*s + 4. Let p be (-10)/(-20)*8*-1. What is q(p)?
32
Let w(d) be the first derivative of -11*d - 151 + 6*d**2 - 19*d**2 - 8*d + 7*d**2 + 16*d. Calculate w(-2).
21
Let k(r) = -r**2 + 26*r + 137. Suppose 113*o - 4774 = -41*o. Give k(o).
-18
Let b(i) = i**3 - 4*i**3 + 2 + 2090398*i - 2090399*i. Suppose 0 = -6*g + 2*g + 8. Determine b(g).
-24
Suppose -u = -0*u + 4*f + 7, 5*u - 5*f - 15 = 0. Let s = -1098 + 1103. Let y(c) = -5 + 0 - s + 11 + 11*c. Give y(u).
12
Let q(v) = -11*v - 11. Let b(i) = 2*i + 5. Let c(g) = -5*b(g) - q(g). Calculate c(20).
6
Let g be -6*5*15/50. Let r = g + 15. Let z(m) = r - m**2 + 4 - 5*m + 0*m - 11. Give z(-4).
3
Let p(t) = -t + 12 - 7*t + 4*t. Let k be p(-7). Suppose 0 = 4*b - k + 32. Let u(q) = q**3 + 2*q**2 - 2. Determine u(b).
14
Let i(h) = -h + 4. Let p(n) = -n**3 - 3*n**2 + 8*n + 21. Let w = -283 + 279. Let j be p(w). Give i(j).
-1
Let h be (-9338)/(-609) + (-2)/6. Let t(f) = -f + 18. Calculate t(h).
3
Let w(c) be the third derivative of 12*c + 0 - 7/24*c**4 - 2/3*c**3 - 4*c**2 - 1/60*c**5. Determine w(-8).
-12
Let t(j) = j + 6. Suppose -291 - 934 = -245*d. What is t(d)?
11
Let q(v) = -13*v - 7. Let m(a) = a - 14*a - 25*a + 3*a - 26. Let p(c) = 7*c + 5. Let l(k) = 2*m(k) + 11*p(k). Let d(t) = 11*l(t) + 6*q(t). Determine d(-7).
-2
Let c(u) = -21*u**3 + 22*u**3 - 9*u + 6*u**2 + 80885 - 80892. What is c(-6)?
47
Let t(i) = -57*i**2 + 3*i + 1. Let o(x) = 115*x**2 + 2*x - 6. Let g(s) = o(s) + 2*t(s). Let p be 2 - (0/3)/(-1). Suppose -38 = 4*h - p. Give g(h).
5
Let s(q) = 54*q**3 - 8*q**3 - q**3 + 1 + 4*q**3 - 69*q**3 - q - 3*q**3. Suppose -2 = -4*w + 2. Determine s(w).
-23
Let l(w) be the second derivative of -w**5/20 - w**3/6 + 5*w**2/2 + 125*w + 2. Suppose -6 - 19 = -5*b - 5*p, -2*b + 15 = 3*p. Determine l(b).
5
Let q(z) be the second derivative of z**5/60 + z**4/24 - z**3/3 - 145*z**2/2 + 117*z. Let f(l) be the first derivative of q(l). Determine f(3).
10
Let q = -1 + 1. Let t(r) be the first derivative of r**4/4 + r**2 - 6*r - 13282. Determine t(q).
-6
Let g(k) = 11*k**3 + 69*k**2 - 19*k - 11. Let y(t) = -5*t**3 - 34*t**2 + 10*t + 5. Let v(i) = -2*g(i) - 5*y(i). Give v(-11).
8
Let h(f) be the first derivative of 54*f - 79 + 1/2*f**2 - 1/3*f**3. Give h(0).
54
Suppose -f - 14*s = -19*s - 31, -18 = f + 2*s. Let p(t) = t**3 + 3*t**2 + 3*t + 9. What is p(f)?
-19
Let o(a) = -2*a**3 + 19 - 17 - 5*a**2 - 3*a + 0*a**3. Let t be o(-2). Let d(i) be the third derivative of i**5/60 - i**4/4 + i**3/2 + 4*i**2. Determine d(t).
-5
Let t be -3*2 + 3 - 1110/(-10). Suppose t*m = 92*m - 176. Let q(g) = -g**2 - 10*g - 6. Determine q(m).
-17
Let n(w) be the second derivative of w**3/6 - w. Let h = -8632 - -8632. Give n(h).
0
Let m(q) = -q - 5. Let r(x) = -x**2 - 8*x + 9. Let j be r(-8). Let o = -3 + j. Let b(h) = h**3 - 9*h**2 + 18*h - 6. Let u be b(o). What is m(u)?
1
Let w(p) = p**2 + 3*p + 10. Let k be (-6 + 12 + -6)*(-2)/(-4). Let b be w(k). Let g(q) = -q**2 + 10*q + 7. What is g(b)?
7
Let j(o) be the second derivative of -o**5/60 + 13*o**4/24 + 7*o**3/6 - 265*o**2/2 - 5*o - 1. Let u(l) be the first derivative of j(l). Determine u(11).
29
Let g(a) = -a**2 - 2. Let u(d) = 5*d**3 + 2*d**2 - 2*d + 1. Let r be u(1). Suppose 3*j - 3 = r. Suppose -j*i + 10 = -8*i. Give g(i).
-6
Let y(z) be the third derivative of -5*z**4/24 + z**3/6 - 3*z**2 + 54*z. Let c(r) = -2*r**3 - r - 1. Let h be c(-1). Suppose 2*g + h = -0. Give y(g).
6
Suppose -2*j + 4*f = f - 12, 3*f = 3*j - 15. Let g = -76 + 70. Let a(h) = 7*h + 6. Let q(n) = -7*n - 5. Let r(v) = g*a(v) - 7*q(v). Determine r(j).
20
Let l(r) = -5118*r**2 + 16*r + 49 + 10237*r**2 - 5120*r**2. What is l(19)?
-8
Suppose -5*m - 30 = -0. Let j(c) be the second derivative of c**3/6 + 3*c**2 + 7*c + 74. Determine j(m).
0
Let n(j) = j**2 - 2*j - 5. Suppose -30*l + 26*l + 12 = 0. Suppose -2 = -h - g, g - 1 = -2*h + l. Suppose 10 + h = 3*t. What is n(t)?
3
Let t(p) = p - 21. Let y(x) = 3*x**2 + 47*x + 156. Let w be y(-4). What is t(w)?
-5
Let x(l) = 16*l - 39 - 24 + 23 + 14*l - 25*l + l**2. Give x(6).
26
Let y(i) = -18*i**2. Let n(f) = 2*f + 50. Let v be n(-23). Let m be (10/(-4))/(v - 50/12). Suppose -2*d + 6 = -z + 3*z, -4*d = z - m. What is y(z)?
-18
Let d = 216 - 397. Let m = d + 183. Let r(n) = 3*n**3 + 4*n - 3. Calculate r(m).
29
Let s(g) = -6 + 20*g - 4 + 37158*g**2 - g**3 - 37155*g**2. Give s(6).
2
Let b(l) = 7*l - 4. Let o be b(1). Let u be 33*((-30)/9 + o). Let m = u + 12. Let s(h) = -8*h. Calculate s(m).
-8
Let p(r) = -2 + 145*r + 145*r - 286*r. Let c be (-1)/(-2)*-2*(-1 - -24). Let h = c - -25. Calculate p(h).
6
Let k(b) = -5*b - 11. Let r(q) = -4*q - 10. Let f(m) = -5*k(m) + 6*r(m). Suppose -w - 13 + 15 = 0. Suppose -2*i = -5*i - 12, -13 = n + w*i. Calculate f(n).
-10
Suppose 295 + 361 = 164*z. Let t(i) = -5*i - 2. Calculate t(z).
-22
Let o(s) = 6*s**2 - 12*s + 6. Let j(l) = -5*l**2 + 11*l - 5. Let k(v) = -5*j(v) - 4*o(v). Let i be 27979/3426 + 2/(-12). What is k(i)?
9
Let g(b) = 16*b**3 + 15*b**3 + 9*b**2 + 91*b - 32*b**3 + 46 - 43. Calculate g(-6).
-3
Suppose 181*k - 384*k + 188*k - 105 = 0. Let t(s) = -s + 1 + s**3 + 7*s**2 - 2 - 2. Determine t(k).
4
Let y(i) be the first derivative of 4*i + 1/3*i**3 + 9/2*i**2 + 77. Give y(-6).
-14
Let k(v) = -v**2 + 6*v - 2. Let x be (-4)/(-6) + 32/(-48). Suppose x*g + j = -g + 9, -5*g + 45 = 2*j. Suppose -4*q = -11 - g. Calculate k(q).
3
Let p(x) be the third derivative of 0*x + 4 - 8*x**2 + 0*x**3 - 2/3*x**4. Give p(-1).
16
Let t(c) = -70 + 10*c - 24 - 162 + 394. Determine t(-15).
-12
Let f(u) = 4*u - 3. Let y(p) = 67 + p**2 - 3*p - 49 - 32. Let j be y(6). Give f(j).
13
Let g(z) = z**2 - 27. Suppose 35 = 3*q - 64. Suppose 0 = 4*c + 5*t + q, -4*c + 2 = -2*t - 0. Let k be (c + 2)*(-4 - -1)/3. What is g(k)?
-27
Let b(m) be the second derivative of -m**4/6 - 3*m**3/2 + 111*m**2/2 + m + 546. Determine b(-10).
1
Let n(m) = m**3 + 37*m**2 + 14*m - 128. Let p(l) = -l**2 + 5*l - 1. Let i(r) = n(r) + 3*p(r). What is i(-33)?
1
Let c(t) be the first derivative of -2/3*t**3 + 0*t**2 + 2*t - 3. Let d be ((-252)/198 + 6/22)/(2/6). Calculate c(d).
-16
Let n(a) be the third deriv